n base 4, what is 33301 - 333?
32302
In base 7, what is -1 - 5006?
-5010
In base 10, what is -1128 - -212?
-916
In base 3, what is -2221022 - -100122?
-2120200
In base 9, what is 8 - 718?
-710
In base 3, what is 12110210 - 11?
12110122
In base 7, what is -111 - 20463?
-20604
In base 3, what is 22120122 - 0?
22120122
In base 6, what is 105502 + 0?
105502
In base 16, what is 11f5 + 2ef?
14e4
In base 2, what is -111101000000 - -10011111?
-111010100001
In base 6, what is 251155 + -52?
251103
In base 5, what is -10233111 + -10?
-10233121
In base 5, what is -4 - 14122011?
-14122020
In base 4, what is -300 - -11222022?
11221122
In base 3, what is -1 - 12012212012?
-12012212020
In base 8, what is -3 + 4114?
4111
In base 15, what is -7a20 - b?
-7a2b
In base 11, what is -35 - -2595?
2560
In base 4, what is -22113 + -23?
-22202
In base 2, what is 1100000000100000 - -11?
1100000000100011
In base 14, what is 9259 - -2?
925b
In base 14, what is 10676 - 5?
10671
In base 15, what is -1 + -6729?
-672a
In base 9, what is 122203 - -7?
122211
In base 7, what is 3 - 113605?
-113602
In base 7, what is -41431340 + -2?
-41431342
In base 5, what is 11443014 - -1?
11443020
In base 14, what is 1a73b6 + -3?
1a73b3
In base 5, what is -4110 - 1204?
-10314
In base 6, what is 2 - 3044221?
-3044215
In base 11, what is -219 + 403?
195
In base 4, what is -10220 + -131132?
-202012
In base 11, what is 173 + 68?
230
In base 7, what is -6361 + 15?
-6343
In base 4, what is -3133 - 10002?
-13201
In base 11, what is -300 + 2a2?
-9
In base 2, what is 100110100111010 + 10?
100110100111100
In base 11, what is -49 - 1121?
-116a
In base 10, what is -35886 - -53?
-35833
In base 16, what is 1 - -da0?
da1
In base 16, what is -7 - -153d?
1536
In base 16, what is -16d - 17?
-184
In base 3, what is 12121 - -10210?
100101
In base 9, what is 3622 + 4?
3626
In base 13, what is 6a6ca + -3?
6a6c7
In base 6, what is -15453 + -130?
-20023
In base 8, what is -57413 - 4?
-57417
In base 3, what is -100 + 1202?
1102
In base 9, what is 1166 - 4?
1162
In base 5, what is 14 + -140102?
-140033
In base 15, what is -17 - -99a?
983
In base 16, what is 86b - 2?
869
In base 13, what is -4 - 72ab?
-72b2
In base 14, what is -2a7 - 24?
-2cb
In base 9, what is 508 + 284?
803
In base 12, what is -21b7709 + 5?
-21b7704
In base 9, what is -17 + 55341?
55323
In base 8, what is -6 - 4175?
-4203
In base 10, what is -3839 + -2?
-3841
In base 16, what is e + -82e?
-820
In base 4, what is 201003003 + -10?
201002333
In base 3, what is 10 - 2001120100?
-2001120020
In base 8, what is 347146 + 13?
347161
In base 9, what is 3 + 21572?
21575
In base 12, what is -2289 + 16?
-2273
In base 9, what is -4852367 + 0?
-4852367
In base 11, what is 22 - 2605?
-2593
In base 12, what is 7 + 84?
8b
In base 4, what is 210 + 203132310?
203133120
In base 3, what is -220102 - -112?
-212220
In base 4, what is -3 + -10030330?
-10030333
In base 16, what is 282 - -4a7?
729
In base 14, what is c6015 + 1?
c6016
In base 16, what is -19843 + 1?
-19842
In base 11, what is -54 + -1537?
-1590
In base 9, what is 131727 - 18?
131708
In base 3, what is 1212 - -122120?
201102
In base 5, what is 2 + -220044322?
-220044320
In base 13, what is -c4 + -428?
-51c
In base 15, what is -c4 + 788?
6b4
In base 4, what is 11231 - -2313?
20210
In base 14, what is -a - -3d1c?
3d12
In base 3, what is 0 + -11121020111?
-11121020111
In base 13, what is -321 - 7a1?
-ac2
In base 10, what is -5754857 + 2?
-5754855
In base 8, what is 1 + -3000077?
-3000076
In base 6, what is 11305 - -5142?
20451
In base 12, what is 0 - -1b89?
1b89
In base 6, what is -15 + -30?
-45
In base 3, what is 1121 + 10011?
11202
In base 11, what is -128 + -100?
-228
In base 10, what is -8047 - 4?
-8051
In base 6, what is 54154 - 2?
54152
In base 13, what is 11 + -152?
-141
In base 15, what is -be1 - -7c?
-b64
In base 12, what is 12 - -a474?
a486
In base 16, what is -3 - 2f505?
-2f508
In base 11, what is -28 - 4976?
-49a3
In base 6, what is 0 - -40324355?
40324355
In base 7, what is -2146 + 11?
-2135
In base 12, what is 4 - a2b8a?
-a2b86
In base 8, what is -21550 + -36?
-21606
In base 11, what is a - -1351?
1360
In base 11, what is 0 - 24026?
-24026
In base 14, what is -143029 + 5?
-143024
In base 8, what is 1374 - 1062?
312
In base 2, what is -11010011 + 110100?
-10011111
In base 14, what is 3 - -9981?
9984
In base 14, what is 123 + -19a?
-77
In base 2, what is -100 + -1110001111001111001?
-1110001111001111101
In base 3, what is -12 + -200002201110?
-200002201122
In base 7, what is 5 + -502115?
-502110
In base 3, what is 211112 + 2120120?
10102002
In base 4, what is 1 - 120012300?
-120012233
In base 4, what is -11 + 10020023?
10020012
In base 13, what is 17 - -2996?
29b0
In base 8, what is 336577 - -7?
336606
In base 11, what is 11a - -2669?
2788
In base 7, what is -23034 + -23?
-23060
In base 7, what is -34 + 402452?
402415
In base 11, what is 80 - 206?
-136
In base 13, what is -36 + -12b?
-164
In base 3, what is -10 - -11110021020?
11110021010
In base 12, what is 3 + 11a16?
11a19
In base 7, what is -423 + 325?
-65
In base 3, what is -102 - 2122012002?
-2122012111
In base 3, what is -2001220020 + -11?
-2001220101
In base 2, what is 100001 - 101110110001?
-101110010000
In base 2, what is 10 + -10100011111101000101?
-10100011111101000011
In base 11, what is 6022 - -241?
6263
In base 8, what is -126751 - 5?
-126756
In base 6, what is 15 + -105121?
-105102
In base 4, what is -12332 - -220?
-12112
In base 2, what is -101 + -10101001101?
-10101010010
In base 14, what is 2 + -383a?
-3838
In base 6, what is 4031 - 10?
4021
In base 7, what is 33411132 - -3?
33411135
In base 11, what is 2 + 105837?
105839
In base 4, what is 1020 + -2100033?
-2033013
In base 3, what is 221211 + 1100120?
2022101
In base 15, what is 17 - -176d9?
17701
In base 8, what is 5 + -536000?
-535773
In base 5, what is -21 + -20424242?
-20424313
In base 16, what is 0 - 5742?
-5742
In base 15, what is -1 + -a128c?
-a128d
In base 8, what is -77 + -5355?
-5454
In base 7, what is 16241415 + -3?
16241412
In base 12, what is 2b450 - -39?
2b489
In base 8, what is 2 + 573562?
573564
In base 4, what is -1002 - -10321230?
10320222
In base 5, what is 10 - 1411223?
-1411213
In base 5, what is 4203 + 331?
10034
In base 3, what is -1201 + 1201000001?
1200221100
In base 14, what is 132c - -10b?
1439
In base 14, what is 5 - 1d3c4?
-1d3bd
In base 6, what is -25335 + -5534?
-35313
In base 13, what is 5 - 4ba3?
-4b9b
In base 15, what is -1ab381 + 0?
-1ab381
In base 11, what is -7 + 13108?
13101
In base 2, what is -10 + -11110010001010?
-11110010001100
In base 6, what is -2 - 5345332?
-5345334
In base 5, what is 3 - 14430001?
-14424443
In base 3, what is 1222 - -10101200?
10110122
In base 12, what is -5 - -32680?
32677
In base 2, what is -101000110000001 - -1001?
-101000101111000
In base 4, what is 10 + -23301103?
-23301033
In base 2, what is -11000100001011 - 1?
-11000100001100
In base 5, what is -2402 + -4130?
-12032
In base 13, what is 4 - -55871?
55875
In base 13, what is -5 - -aa2a?
aa25
In base 6, what is 3 - -3234244?
3234251
In base 7, what is -11 + 303331?
303320
In base 13, what is 0 + 13a120?
13a120
In base 6, what is -122 + 21355?
21233
In base 3, what is -201202 - -12001?
-112201
In base 5, what is -10 - -22002332?
22002322
In base 12, what is 5551 - -1?
5552
In base 14, what is -6 + 150a?
1504
In base 16, what is -4 - 52217?
-5221b
In base 13, what is -172b - 6?
-1734
In base 4, what is -12122 + 13302?
1120
In base 16, what is -163 - -6?
-15d
In base 5, what is -1 + -1012122?
-1012123
In base 12, what is -4 - 1a945?
-1a949
In base 7, what is 2235 + 5051?
10316
In base 10, what is 368 - -40?
408
In base 5, what is 21041410 + 12?
21041422
In base 4, what is 20132 + -333?
13133
In base 3, what is 110122222212 - -1?
110122222220
In base 9, what is 77 - 753?
-665
In base 7, what is 446410 + 4?
446414
In base 9, what is -11 + 11204?
11183
In base 3, what is 21112 - 211202?
-120020
In base 3, what is -12 + 212211010?
212210221
In base 4, what is 10220032 - 2?
10220030
In base 13, what is -21b + 163?
-88
In base 7, what is 633 - 34240?
-33304
In base 11, what is -3 - 2a24?
-2a27
In base 5, what is -3111243 - -1?
-3111242
In base 2, what is 11011110101111 - 1